se 7) to base 9
-3
What is -8 (base 10) in base 9?
-8
-13 (base 4) to base 15
-7
Convert 3 (base 15) to base 10.
3
Convert 1 (base 12) to base 3.
1
Convert 5 (base 11) to base 16.
5
3 (base 9) to base 5
3
1110 (base 3) to base 12
33
Convert 12 (base 4) to base 5.
11
Convert -3 (base 16) to base 3.
-10
0 (base 10) to base 5
0
-2 (base 7) to base 3
-2
Convert 1 (base 7) to base 3.
1
Convert 31 (base 5) to base 8.
20
What is -41 (base 16) in base 5?
-230
-100 (base 2) to base 14
-4
What is 303 (base 4) in base 14?
39
-289 (base 10) to base 15
-144
What is 11 (base 16) in base 5?
32
100 (base 3) to base 8
11
What is -b (base 14) in base 2?
-1011
11 (base 2) to base 4
3
Convert -1202 (base 4) to base 15.
-68
Convert 15 (base 13) to base 11.
17
Convert 10111000 (base 2) to base 14.
d2
Convert 14 (base 6) to base 12.
a
What is -131 (base 9) in base 4?
-1231
202 (base 4) to base 8
42
Convert 3 (base 5) to base 13.
3
Convert 33 (base 12) to base 7.
54
20 (base 7) to base 2
1110
Convert -120 (base 5) to base 10.
-35
Convert -1 (base 6) to base 7.
-1
Convert 25 (base 9) to base 12.
1b
Convert -110 (base 3) to base 16.
-c
What is -101 (base 2) in base 3?
-12
What is 21 (base 4) in base 3?
100
Convert -4 (base 12) to base 7.
-4
Convert 5 (base 10) to base 9.
5
111 (base 10) to base 9
133
1 (base 15) to base 6
1
1144 (base 5) to base 7
336
What is 3 (base 11) in base 6?
3
101 (base 4) to base 3
122
What is 195 (base 14) in base 9?
403
11 (base 2) to base 5
3
Convert -1023 (base 4) to base 10.
-75
What is 67 (base 14) in base 9?
111
Convert 28 (base 10) to base 5.
103
Convert 220 (base 3) to base 10.
24
-20 (base 5) to base 2
-1010
Convert 22 (base 8) to base 14.
14
6 (base 8) to base 2
110
Convert -10 (base 8) to base 5.
-13
-20 (base 6) to base 13
-c
Convert 140 (base 8) to base 15.
66
What is -106 (base 8) in base 4?
-1012
Convert 51 (base 8) to base 3.
1112
Convert -201 (base 3) to base 2.
-10011
-4 (base 13) to base 5
-4
7 (base 14) to base 6
11
What is -1 (base 4) in base 3?
-1
Convert 1100 (base 2) to base 6.
20
What is -104 (base 7) in base 9?
-58
-2122 (base 3) to base 13
-56
-37 (base 12) to base 15
-2d
What is -4 (base 14) in base 13?
-4
Convert 4 (base 10) to base 6.
4
-1420 (base 5) to base 2
-11101011
What is -4 (base 10) in base 2?
-100
Convert 61 (base 8) to base 4.
301
Convert 8 (base 15) to base 10.
8
What is -28 (base 10) in base 12?
-24
22 (base 8) to base 5
33
-55 (base 12) to base 2
-1000001
Convert 59 (base 11) to base 4.
1000
301 (base 6) to base 5
414
What is -56 (base 15) in base 6?
-213
What is -12 (base 14) in base 8?
-20
What is -4 (base 9) in base 12?
-4
Convert 21 (base 6) to base 9.
14
Convert -2 (base 7) to base 5.
-2
What is -1 (base 7) in base 12?
-1
What is 3 (base 9) in base 11?
3
102 (base 4) to base 13
15
-d (base 14) to base 12
-11
Convert 3 (base 14) to base 5.
3
What is -1000 (base 3) in base 6?
-43
Convert -5 (base 14) to base 3.
-12
-150 (base 10) to base 16
-96
What is -1131 (base 4) in base 15?
-63
40 (base 5) to base 3
202
Convert 10101 (base 3) to base 10.
91
What is 120 (base 4) in base 5?
44
What is -3 (base 4) in base 8?
-3
Convert -51 (base 8) to base 9.
-45
76 (base 15) to base 2
1101111
What is 21 (base 7) in base 12?
13
Convert -10222 (base 3) to base 16.
-6b
-a7 (base 16) to base 10
-167
-111 (base 3) to base 10
-13
Convert -2002 (base 3) to base 4.
-320
Convert -2020 (base 3) to base 12.
-50
What is -5 (base 15) in base 13?
-5
0 (base 7) to base 5
0
What is -10212 (base 3) in base 14?
-76
1 (base 11) to base 5
1
What is 20 (base 6) in base 12?
10
What is -10 (base 3) in base 12?
-3
-3 (base 7) to base 16
-3
Convert 0 (base 4) to base 8.
0
What is 0 (base 10) in base 9?
0
What is 51 (base 6) in base 7?
43
Convert -1 (base 10) to base 9.
-1
What is -1201 (base 5) in base 16?
-b0
Convert 26 (base 12) to base 6.
50
Convert 39 (base 10) to base 4.
213
3 (base 10) to base 4
3
-110 (base 2) to base 3
-20
What is -3 (base 7) in base 12?
-3
Convert -37 (base 11) to base 15.
-2a
4e (base 15) to base 12
62
Convert -215 (base 7) to base 14.
-7c
Convert 11 (base 5) to base 10.
6
What is 43 (base 8) in base 10?
35
4 (base 11) to base 8
4
What is -1 (base 2) in base 14?
-1
Convert -20112 (base 3) to base 11.
-150
-34 (base 9) to base 10
-31
-1 (base 15) to base 5
-1
-7 (base 14) to base 5
-12
What is -2 (base 6) in base 10?
-2
Convert -5 (base 11) to base 14.
-5
-103 (base 6) to base 2
-100111
5 (base 12) to base 3
12
Convert 3 (base 8) to base 12.
3
What is 333 (base 4) in base 16?
3f
7 (base 12) to base 8
7
-15 (base 14) to base 2
-10011
What is -1a (base 13) in base 12?
-1b
What is -2 (base 15) in base 14?
-2
What is 1202 (base 4) in base 16?
62
Convert 10110 (base 2) to base 15.
17
Convert 53 (base 11) to base 15.
3d
What is -134 (base 5) in base 9?
-48
70 (base 8) to base 10
56
1100 (base 2) to base 4
30
Convert 3 (base 11) to base 12.
3
What is -4c (base 15) in base 4?
-1020
What is -85 (base 9) in base 2?
-1001101
Convert -101 (base 5) to base 2.
-11010
What is 8 (base 11) in base 14?
8
101 (base 10) to base 4
1211
Convert -6 (base 16) to base 14.
-6
-83 (base 14) to base 15
-7a
Convert -15 (base 14) to base 13.
-16
-5 (base 16) to base 2
-101
Convert -4 (base 15) to base 6.
-4
-c (base 13) to base 10
-12
What is -231 (base 6) in base 13?
-70
11211 (base 3) to base 9
154
-153 (base 6) to base 13
-54
Convert -1 (base 11) to base 2.
-1
What is 124 (base 11) in base 13?
b4
1 (base 12) to base 5
1
1111111 (base 2) to base 14
91
4 (base 10) to base 16
4
15 (base 13) to base 7
24
Convert -2 (base 5) to base 14.
-2
What is -53 (base 8) in base 4?
-223
Convert 8a (base 13) to base 14.
82
-262 (base 11) to base 16
-136
-1 (base 10) to base 3
-1
Convert 2 (base 12) to base 14.
2
-2 (base 11) to base 2
-10
What is -41 (base 15) in base 14?
-45
Convert 40 (base 12) to base 15.
33
What is -31 (base 5) in base 15?
-11
-213 (base 4) to base 14
-2b
-1 (base 11) to base 5
-1
Convert 10a (base 11) to base 2.
10000011
Convert 43 (base 6) to base 10.
27
What is -1 (base 4) in base 9?
-1
-212 (base 4) to base 6
-102
What is 0 (base 9) in base 4?
0
What is 3 (base 12) in base 16?
3
What is -6 (base 16) in base 7?
-6
What is 1010110 (base 2) in base 13?
68
Convert -45 (base 10) to base 14.
-33
2b (base 13) to base 12
31
What is 2231 (base 4) in base 16?
ad
What is 40 (base 6) in base 9?
26
Convert -6 (base 14) to base 6.
-10
1 (base 10) to base 13
1
What is 2 (base 9) in base 12?
2
What is -67 (base 12) in base 13?
-61
What is 15 (base 15) in base 13?
17
Convert -2 (base 14) to base 7.
-2
Convert 2 (base 14) to base 3.
2
Convert 0 (base 12) to base 15.
0
Convert 25 (base 8) to base 9.
23
-21 (base 3) to base 6
-11
What is 117 (base 8) in base 4?
1033
What is -100 (base 2) in base 16?
-4
What is -10 (base 15) in base 6?
-23
Convert -41 (base 16) to base 10.
-65
-15 (base 6) to base 4
-23
What is 232 (base 6) in base 5?
332
What is 0 (base 15) in base 13?
0
Convert 8 (base 12) to base 5.
13
0 (base 10) to base 3
0
What is 45 (base 6) in base 4?
131
2 (base 3) to base 6
2
Convert -12 (base 4) to base 14.
-6
112 (base 4) to base 8
26
-2 (base 9) to base 14
-2
What is 13 (base 13) in base 3?
121
8 (base 11) to base 14
8
Convert -98 (base 13) to base 5.
-1000
Convert -e (base 15) to base 11.
-13
-83 (base 13) to base 12
-8b
What is -11111 (base 2) in base 9?
-34
What is 111 (base 8) in base 14?
53
What is 40 (base 9) in base 10?
36
Convert 1d (base 16) to base 4.
131
Convert 201 (base 5) to base 13.
3c
Convert -144 (base 8) to base 5.
-400
What is 1 (base 10) in base 5?
1
-53 (base 12) to base 14
-47
Convert -1 (base 10) to base 5.
-1
-5 (base 6) to base 16
-5
-5 (base 12) to base 11
-5
Convert 10 (base 3) to base 12.
3
3 (base 5) to base 11
3
Convert -11 (base 14) to base 3.
-120
Convert 25 (base 10) to base 5.
100
What is 7 (base 10) in base 14?
7
What is -85 (base 11) in base 7?
-162
-10 (base 7) to base 6
-11
What is -13 (base 8) in base 10?
-11
Convert -1a (base 12) to base 9.
-24
Convert -6c (base 15) to base 14.
-74
Convert 75 (base 9) to base 12.
58
-20 (base 4) to base 9
-8
Convert -172 (base 13) to base 15.
-127
Convert 0 (base 16) to base 6.
0
-25 (base 12) to base 14
-21
3 (base 12) to base 2
11
Convert -11 (base 3) to ba